{"id":4403,"date":"2023-02-07T20:03:46","date_gmt":"2023-02-07T19:03:46","guid":{"rendered":"https:\/\/histoireinnue.ca\/?page_id=4403"},"modified":"2024-03-13T22:42:24","modified_gmt":"2024-03-13T21:42:24","slug":"uashat","status":"publish","type":"page","link":"https:\/\/histoireinnue.ca\/?page_id=4403","title":{"rendered":"UASHAT"},"content":{"rendered":"\n<p class=\"has-medium-font-size wp-block-paragraph\">La premi\u00e8re r\u00e9serve accord\u00e9e aux Innus de Sept-\u00celes remonte \u00e0 1906. Ce sont surtout les familles rattach\u00e9es \u00e0 la rivi\u00e8re Sainte-Marguerite qui s\u2019y rejoignaient pendant l\u2019\u00e9t\u00e9. Bien que son territoire f\u00fbt red\u00e9fini en 1925, son centre, maintenant sis au c\u0153ur de la ville de Sept-\u00celes, est toujours occup\u00e9 par des familles innues et porte le surnom de \u00ab la vieille r\u00e9serve \u00bb. Le territoire de&nbsp;Uashat&nbsp;(qui signifie \u00ab \u00e0 la baie \u00bb), situ\u00e9 \u00e0 la limite ouest de Sept-\u00celes, fut transf\u00e9r\u00e9 au gouvernement f\u00e9d\u00e9ral en 1925.&nbsp;<\/p>\n\n\n\n<p class=\"has-text-align-center has-medium-font-size wp-block-paragraph\">Uashat,(r\u00e9sum\u00e9 en langue innue), Denise Jourdain et Evelyne St-Onge, 2000<\/p>\n\n\n\n<figure class=\"wp-block-video aligncenter wp-block-embed is-type-video is-provider-videopress\"><div class=\"wp-block-embed__wrapper\">\n<iframe title=\"VideoPress Video Player\" aria-label='VideoPress Video Player' width='736' height='414' src='https:\/\/videopress.com\/embed\/LxNzTNpx?cover=1&amp;preloadContent=metadata&amp;useAverageColor=1&amp;hd=0' frameborder='0' allowfullscreen data-resize-to-parent=\"true\" allow='clipboard-write'><\/iframe><script src='https:\/\/v0.wordpress.com\/js\/next\/videopress-iframe.js?m=1674852142'><\/script>\n<\/div><figcaption>Cr\u00e9ation de Uashat,(r\u00e9sum\u00e9 en langue innue), Denise Jourdain et Evelyne St-Onge, 2000, <\/figcaption><\/figure>\n\n\n\n<p class=\"wp-block-paragraph\"><\/p>\n\n\n\n<p class=\"has-text-align-center has-medium-font-size wp-block-paragraph\">Transcription <\/p>\n\n\n\n<p class=\"has-medium-font-size wp-block-paragraph\"><strong>Denise Jourdain<\/strong>&nbsp;&#8211; \u00c7a s&rsquo;appelle&nbsp;Uashat&nbsp;\u00e0 cause de la baie autour de Sept-\u00celes. C&rsquo;est ici que vivaient les Innus avant qu&rsquo;ils d\u00e9m\u00e9nagent l\u00e0-bas o\u00f9 il y a une \u00e9glise. Les Innus revenaient de la for\u00eat par la rivi\u00e8re Ste-Marguerite et campaient ici. Mais \u00e0 cause des Fran\u00e7ais et des Anglais qui se battaient pour les terres, ils ont d\u00fb se cacher. L&rsquo;\u00e9glise fut achev\u00e9e en 1850. C&rsquo;est \u00e0 cet endroit que les Innus se rassemblaient l&rsquo;\u00e9t\u00e9 quand ils descendaient \u00e0 la mer. Puis ce fut la r\u00e9serve. Les pr\u00eatres venaient fournir les services religieux tels que les bapt\u00eames et les mariages. Certains sont partis et d&rsquo;autres n&rsquo;ont pas voulu quitter la r\u00e9serve \u00e0 cause de leurs parents et amis inhum\u00e9s dans le cimeti\u00e8re. Malgr\u00e9 les ententes, la r\u00e9serve a \u00e9t\u00e9 d\u00e9truite avec le boom \u00e9conomique qu&rsquo;a connu Sept-\u00celes. Les Blancs sont venus s&rsquo;installer en grand nombre. Nous sommes devenus des parias. On d\u00e9rangeait, on ne faisait pas partie des plans. La ville a vendu accidentellement aux Blancs une partie de notre terre. Mais le f\u00e9d\u00e9ral nous a compens\u00e9s en nous redonnant le territoire de l&rsquo;ancienne r\u00e9serve.&nbsp;<br><strong>Musique<\/strong>&nbsp;&#8211; Philippe&nbsp;Mckenzie<\/p>\n\n\n\n<p class=\"has-text-align-center has-medium-font-size wp-block-paragraph\">Denise Jourdain, suite de son entrevue sur l&rsquo;histoire<\/p>\n\n\n\n<figure class=\"wp-block-video aligncenter wp-block-embed is-type-video is-provider-videopress\"><div class=\"wp-block-embed__wrapper\">\n<iframe title=\"VideoPress Video Player\" aria-label='VideoPress Video Player' width='736' height='414' src='https:\/\/videopress.com\/embed\/T6Ic0ygi?cover=1&amp;posterUrl=https%3A%2F%2Fhistoireinnue.ca%2Fwp-content%2Fuploads%2F2022%2F04%2Fdenise-jourdain_mp4_std.original.jpg&amp;preloadContent=metadata&amp;useAverageColor=1&amp;hd=0' frameborder='0' allowfullscreen data-resize-to-parent=\"true\" allow='clipboard-write'><\/iframe><script src='https:\/\/v0.wordpress.com\/js\/next\/videopress-iframe.js?m=1674852142'><\/script>\n<\/div><figcaption>Denise Jourdain, suite de son entrevue en langue innue  sur l&rsquo;histoire, 2000<\/figcaption><\/figure>\n\n\n\n<p class=\"wp-block-paragraph\">.<\/p>\n\n\n\n<p class=\"has-text-align-center has-medium-font-size wp-block-paragraph\">Vieille chapelle Uashat, mariage<\/p>\n\n\n\n<figure class=\"wp-block-video wp-block-embed is-type-video is-provider-videopress\"><div class=\"wp-block-embed__wrapper\">\n<iframe title=\"VideoPress Video Player\" aria-label='VideoPress Video Player' width='736' height='414' src='https:\/\/videopress.com\/embed\/aYmWyQfG?cover=1&amp;posterUrl=https%3A%2F%2Fhistoireinnue.ca%2Fwp-content%2Fuploads%2F2023%2F12%2Fmariage-omer-vieille-chapelle_mp4_std.original.jpg&amp;preloadContent=metadata&amp;useAverageColor=1&amp;hd=0' frameborder='0' allowfullscreen data-resize-to-parent=\"true\" allow='clipboard-write'><\/iframe><script src='https:\/\/v0.wordpress.com\/js\/next\/videopress-iframe.js?m=1674852142'><\/script>\n<\/div><figcaption>Vieille chapelle Uashat, mariage M. et Mne Omer St-Onge<\/figcaption><\/figure>\n\n\n\n<p class=\"has-text-align-center has-medium-font-size wp-block-paragraph\">Inauguration Conseil de Bande Uashat mak Mani utenam<\/p>\n\n\n\n<figure class=\"wp-block-video wp-block-embed is-type-video is-provider-videopress\"><div class=\"wp-block-embed__wrapper\">\n<iframe title=\"VideoPress Video Player\" aria-label='VideoPress Video Player' width='736' height='414' src='https:\/\/videopress.com\/embed\/eig8Hjpc?cover=1&amp;preloadContent=metadata&amp;useAverageColor=1&amp;hd=0' frameborder='0' allowfullscreen data-resize-to-parent=\"true\" allow='clipboard-write'><\/iframe><script src='https:\/\/v0.wordpress.com\/js\/next\/videopress-iframe.js?m=1674852142'><\/script>\n<\/div><\/figure>\n\n\n\n<p class=\"has-text-align-center has-medium-font-size wp-block-paragraph\">F\u00eate de rue \u00e0 Uashat, 2011<\/p>\n\n\n\n<figure class=\"wp-block-video wp-block-embed is-type-video is-provider-videopress\"><div class=\"wp-block-embed__wrapper\">\n<iframe title=\"VideoPress Video Player\" aria-label='VideoPress Video Player' width='736' height='414' src='https:\/\/videopress.com\/embed\/Flu5Z5sB?cover=1&amp;posterUrl=https%3A%2F%2Fhistoireinnue.ca%2Fwp-content%2Fuploads%2F2024%2F03%2Ffete-innue-uashat-2011_mp4_std.original.jpg&amp;preloadContent=metadata&amp;useAverageColor=1&amp;hd=0' frameborder='0' allowfullscreen data-resize-to-parent=\"true\" allow='clipboard-write'><\/iframe><script src='https:\/\/v0.wordpress.com\/js\/next\/videopress-iframe.js?m=1674852142'><\/script>\n<\/div><\/figure>\n\n\n\n<p class=\"has-text-align-center has-medium-font-size wp-block-paragraph\">Th\u00e9\u00e2tre au vieux poste, Mamu, ensemble.<\/p>\n\n\n\n<figure class=\"wp-block-video wp-block-embed is-type-video is-provider-videopress\"><div class=\"wp-block-embed__wrapper\">\n<iframe title=\"VideoPress Video Player\" aria-label='VideoPress Video Player' width='736' height='414' src='https:\/\/videopress.com\/embed\/GXgV8TBo?cover=1&amp;posterUrl=https%3A%2F%2Fhistoireinnue.ca%2Fwp-content%2Fuploads%2F2024%2F03%2Fla-piece-mamu-ensemble-theatre-1_mp4_avc_240p.original.jpg&amp;preloadContent=metadata&amp;useAverageColor=1&amp;hd=0' frameborder='0' allowfullscreen data-resize-to-parent=\"true\" allow='clipboard-write'><\/iframe><script src='https:\/\/v0.wordpress.com\/js\/next\/videopress-iframe.js?m=1674852142'><\/script>\n<\/div><\/figure>\n\n\n\n<p class=\"has-text-align-center has-medium-font-size wp-block-paragraph\">Hommage Bernard St-Onge<\/p>\n\n\n\n<figure class=\"wp-block-video wp-block-embed is-type-video is-provider-videopress\"><div class=\"wp-block-embed__wrapper\">\n<iframe title=\"VideoPress Video Player\" aria-label='VideoPress Video Player' width='736' height='414' src='https:\/\/videopress.com\/embed\/dDYJhQOm?cover=1&amp;posterUrl=https%3A%2F%2Fhistoireinnue.ca%2Fwp-content%2Fuploads%2F2021%2F07%2Fbernard-st-onge-entrevue_mp4_std.original.jpg&amp;preloadContent=metadata&amp;useAverageColor=1&amp;hd=0' frameborder='0' allowfullscreen data-resize-to-parent=\"true\" allow='clipboard-write'><\/iframe><script src='https:\/\/v0.wordpress.com\/js\/next\/videopress-iframe.js?m=1674852142'><\/script>\n<\/div><\/figure>\n\n\n\n<p class=\"has-text-align-center has-medium-font-size wp-block-paragraph\">Hommage \u00e0 Yvonne Andr\u00e9-Vollant<\/p>\n\n\n\n<figure class=\"wp-block-video wp-block-embed is-type-video is-provider-videopress\"><div class=\"wp-block-embed__wrapper\">\n<iframe title=\"VideoPress Video Player\" aria-label='VideoPress Video Player' width='736' height='414' src='https:\/\/videopress.com\/embed\/9f3WknhS?cover=1&amp;preloadContent=metadata&amp;useAverageColor=1&amp;hd=0' frameborder='0' allowfullscreen data-resize-to-parent=\"true\" allow='clipboard-write'><\/iframe><script src='https:\/\/v0.wordpress.com\/js\/next\/videopress-iframe.js?m=1674852142'><\/script>\n<\/div><\/figure>\n","protected":false},"excerpt":{"rendered":"<p>La premi\u00e8re r\u00e9serve accord\u00e9e aux Innus de Sept-\u00celes remonte \u00e0 1906. Ce sont surtout les familles rattach\u00e9es \u00e0 la rivi\u00e8re Sainte-Marguerite qui s\u2019y rejoignaient pendant l\u2019\u00e9t\u00e9. Bien que son territoire f\u00fbt red\u00e9fini en 1925, son centre, maintenant sis au c\u0153ur de la ville de Sept-\u00celes, est toujours occup\u00e9 par des familles innues et porte le&#8230; <a class=\"more-link\" href=\"https:\/\/histoireinnue.ca\/?page_id=4403#more-4403\">Lire la Suite &rarr;<\/a><\/p>\n","protected":false},"author":142836289,"featured_media":0,"parent":0,"menu_order":0,"comment_status":"closed","ping_status":"closed","template":"","meta":{"_coblocks_attr":"","_coblocks_dimensions":"","_coblocks_responsive_height":"","_coblocks_accordion_ie_support":"","_crdt_document":"","advanced_seo_description":"","jetpack_seo_html_title":"","jetpack_seo_noindex":false,"footnotes":""},"class_list":["post-4403","page","type-page","status-publish","hentry","clear"],"jetpack_likes_enabled":true,"jetpack_sharing_enabled":true,"jetpack_shortlink":"https:\/\/wp.me\/PayinP-191","_links":{"self":[{"href":"https:\/\/histoireinnue.ca\/index.php?rest_route=\/wp\/v2\/pages\/4403","targetHints":{"allow":["GET"]}}],"collection":[{"href":"https:\/\/histoireinnue.ca\/index.php?rest_route=\/wp\/v2\/pages"}],"about":[{"href":"https:\/\/histoireinnue.ca\/index.php?rest_route=\/wp\/v2\/types\/page"}],"author":[{"embeddable":true,"href":"https:\/\/histoireinnue.ca\/index.php?rest_route=\/wp\/v2\/users\/142836289"}],"replies":[{"embeddable":true,"href":"https:\/\/histoireinnue.ca\/index.php?rest_route=%2Fwp%2Fv2%2Fcomments&post=4403"}],"version-history":[{"count":26,"href":"https:\/\/histoireinnue.ca\/index.php?rest_route=\/wp\/v2\/pages\/4403\/revisions"}],"predecessor-version":[{"id":12677,"href":"https:\/\/histoireinnue.ca\/index.php?rest_route=\/wp\/v2\/pages\/4403\/revisions\/12677"}],"wp:attachment":[{"href":"https:\/\/histoireinnue.ca\/index.php?rest_route=%2Fwp%2Fv2%2Fmedia&parent=4403"}],"curies":[{"name":"wp","href":"https:\/\/api.w.org\/{rel}","templated":true}]}}

<p class="has-medium-font-size wp-block-paragraph">La première réserve accordée aux Innus de Sept-Îles remonte à 1906. Ce sont surtout les familles rattachées à la rivière Sainte-Marguerite qui s’y rejoignaient pendant l’été. Bien que son territoire fût redéfini en 1925, son centre, maintenant sis au cœur de la ville de Sept-Îles, est toujours occupé par des familles innues et porte le surnom de « la vieille réserve ». Le territoire de&nbsp;Uashat&nbsp;(qui signifie « à la baie »), situé à la limite ouest de Sept-Îles, fut transféré au gouvernement fédéral en 1925.&nbsp;</p>



<p class="has-text-align-center has-medium-font-size wp-block-paragraph">Uashat,(résumé en langue innue), Denise Jourdain et Evelyne St-Onge, 2000</p>



<figure class="wp-block-video aligncenter wp-block-embed is-type-video is-provider-videopress"><div class="wp-block-embed__wrapper">
<iframe title="VideoPress Video Player" aria-label='VideoPress Video Player' width='736' height='414' src='https://videopress.com/embed/LxNzTNpx?cover=1&amp;preloadContent=metadata&amp;useAverageColor=1&amp;hd=0' frameborder='0' allowfullscreen data-resize-to-parent="true" allow='clipboard-write'></iframe><script src='https://v0.wordpress.com/js/next/videopress-iframe.js?m=1674852142'></script>
</div><figcaption>Création de Uashat,(résumé en langue innue), Denise Jourdain et Evelyne St-Onge, 2000, </figcaption></figure>



<p class="wp-block-paragraph"></p>



<p class="has-text-align-center has-medium-font-size wp-block-paragraph">Transcription </p>



<p class="has-medium-font-size wp-block-paragraph"><strong>Denise Jourdain</strong>&nbsp;&#8211; Ça s&rsquo;appelle&nbsp;Uashat&nbsp;à cause de la baie autour de Sept-Îles. C&rsquo;est ici que vivaient les Innus avant qu&rsquo;ils déménagent là-bas où il y a une église. Les Innus revenaient de la forêt par la rivière Ste-Marguerite et campaient ici. Mais à cause des Français et des Anglais qui se battaient pour les terres, ils ont dû se cacher. L&rsquo;église fut achevée en 1850. C&rsquo;est à cet endroit que les Innus se rassemblaient l&rsquo;été quand ils descendaient à la mer. Puis ce fut la réserve. Les prêtres venaient fournir les services religieux tels que les baptêmes et les mariages. Certains sont partis et d&rsquo;autres n&rsquo;ont pas voulu quitter la réserve à cause de leurs parents et amis inhumés dans le cimetière. Malgré les ententes, la réserve a été détruite avec le boom économique qu&rsquo;a connu Sept-Îles. Les Blancs sont venus s&rsquo;installer en grand nombre. Nous sommes devenus des parias. On dérangeait, on ne faisait pas partie des plans. La ville a vendu accidentellement aux Blancs une partie de notre terre. Mais le fédéral nous a compensés en nous redonnant le territoire de l&rsquo;ancienne réserve.&nbsp;<br><strong>Musique</strong>&nbsp;&#8211; Philippe&nbsp;Mckenzie</p>



<p class="has-text-align-center has-medium-font-size wp-block-paragraph">Denise Jourdain, suite de son entrevue sur l&rsquo;histoire</p>



<figure class="wp-block-video aligncenter wp-block-embed is-type-video is-provider-videopress"><div class="wp-block-embed__wrapper">
<iframe title="VideoPress Video Player" aria-label='VideoPress Video Player' width='736' height='414' src='https://videopress.com/embed/T6Ic0ygi?cover=1&amp;posterUrl=https%3A%2F%2Fhistoireinnue.ca%2Fwp-content%2Fuploads%2F2022%2F04%2Fdenise-jourdain_mp4_std.original.jpg&amp;preloadContent=metadata&amp;useAverageColor=1&amp;hd=0' frameborder='0' allowfullscreen data-resize-to-parent="true" allow='clipboard-write'></iframe><script src='https://v0.wordpress.com/js/next/videopress-iframe.js?m=1674852142'></script>
</div><figcaption>Denise Jourdain, suite de son entrevue en langue innue  sur l&rsquo;histoire, 2000</figcaption></figure>



<p class="wp-block-paragraph">.</p>



<p class="has-text-align-center has-medium-font-size wp-block-paragraph">Vieille chapelle Uashat, mariage</p>



<figure class="wp-block-video wp-block-embed is-type-video is-provider-videopress"><div class="wp-block-embed__wrapper">
<iframe title="VideoPress Video Player" aria-label='VideoPress Video Player' width='736' height='414' src='https://videopress.com/embed/aYmWyQfG?cover=1&amp;posterUrl=https%3A%2F%2Fhistoireinnue.ca%2Fwp-content%2Fuploads%2F2023%2F12%2Fmariage-omer-vieille-chapelle_mp4_std.original.jpg&amp;preloadContent=metadata&amp;useAverageColor=1&amp;hd=0' frameborder='0' allowfullscreen data-resize-to-parent="true" allow='clipboard-write'></iframe><script src='https://v0.wordpress.com/js/next/videopress-iframe.js?m=1674852142'></script>
</div><figcaption>Vieille chapelle Uashat, mariage M. et Mne Omer St-Onge</figcaption></figure>



<p class="has-text-align-center has-medium-font-size wp-block-paragraph">Inauguration Conseil de Bande Uashat mak Mani utenam</p>



<figure class="wp-block-video wp-block-embed is-type-video is-provider-videopress"><div class="wp-block-embed__wrapper">
<iframe title="VideoPress Video Player" aria-label='VideoPress Video Player' width='736' height='414' src='https://videopress.com/embed/eig8Hjpc?cover=1&amp;preloadContent=metadata&amp;useAverageColor=1&amp;hd=0' frameborder='0' allowfullscreen data-resize-to-parent="true" allow='clipboard-write'></iframe><script src='https://v0.wordpress.com/js/next/videopress-iframe.js?m=1674852142'></script>
</div></figure>



<p class="has-text-align-center has-medium-font-size wp-block-paragraph">Fête de rue à Uashat, 2011</p>



<figure class="wp-block-video wp-block-embed is-type-video is-provider-videopress"><div class="wp-block-embed__wrapper">
<iframe title="VideoPress Video Player" aria-label='VideoPress Video Player' width='736' height='414' src='https://videopress.com/embed/Flu5Z5sB?cover=1&amp;posterUrl=https%3A%2F%2Fhistoireinnue.ca%2Fwp-content%2Fuploads%2F2024%2F03%2Ffete-innue-uashat-2011_mp4_std.original.jpg&amp;preloadContent=metadata&amp;useAverageColor=1&amp;hd=0' frameborder='0' allowfullscreen data-resize-to-parent="true" allow='clipboard-write'></iframe><script src='https://v0.wordpress.com/js/next/videopress-iframe.js?m=1674852142'></script>
</div></figure>



<p class="has-text-align-center has-medium-font-size wp-block-paragraph">Théâtre au vieux poste, Mamu, ensemble.</p>



<figure class="wp-block-video wp-block-embed is-type-video is-provider-videopress"><div class="wp-block-embed__wrapper">
<iframe title="VideoPress Video Player" aria-label='VideoPress Video Player' width='736' height='414' src='https://videopress.com/embed/GXgV8TBo?cover=1&amp;posterUrl=https%3A%2F%2Fhistoireinnue.ca%2Fwp-content%2Fuploads%2F2024%2F03%2Fla-piece-mamu-ensemble-theatre-1_mp4_avc_240p.original.jpg&amp;preloadContent=metadata&amp;useAverageColor=1&amp;hd=0' frameborder='0' allowfullscreen data-resize-to-parent="true" allow='clipboard-write'></iframe><script src='https://v0.wordpress.com/js/next/videopress-iframe.js?m=1674852142'></script>
</div></figure>



<p class="has-text-align-center has-medium-font-size wp-block-paragraph">Hommage Bernard St-Onge</p>



<figure class="wp-block-video wp-block-embed is-type-video is-provider-videopress"><div class="wp-block-embed__wrapper">
<iframe title="VideoPress Video Player" aria-label='VideoPress Video Player' width='736' height='414' src='https://videopress.com/embed/dDYJhQOm?cover=1&amp;posterUrl=https%3A%2F%2Fhistoireinnue.ca%2Fwp-content%2Fuploads%2F2021%2F07%2Fbernard-st-onge-entrevue_mp4_std.original.jpg&amp;preloadContent=metadata&amp;useAverageColor=1&amp;hd=0' frameborder='0' allowfullscreen data-resize-to-parent="true" allow='clipboard-write'></iframe><script src='https://v0.wordpress.com/js/next/videopress-iframe.js?m=1674852142'></script>
</div></figure>



<p class="has-text-align-center has-medium-font-size wp-block-paragraph">Hommage à Yvonne André-Vollant</p>



<figure class="wp-block-video wp-block-embed is-type-video is-provider-videopress"><div class="wp-block-embed__wrapper">
<iframe title="VideoPress Video Player" aria-label='VideoPress Video Player' width='736' height='414' src='https://videopress.com/embed/9f3WknhS?cover=1&amp;preloadContent=metadata&amp;useAverageColor=1&amp;hd=0' frameborder='0' allowfullscreen data-resize-to-parent="true" allow='clipboard-write'></iframe><script src='https://v0.wordpress.com/js/next/videopress-iframe.js?m=1674852142'></script>
</div></figure>

<p>La première réserve accordée aux Innus de Sept-Îles remonte à 1906. Ce sont surtout les familles rattachées à la rivière Sainte-Marguerite qui s’y rejoignaient pendant l’été. Bien que son territoire fût redéfini en 1925, son centre, maintenant sis au cœur de la ville de Sept-Îles, est toujours occupé par des familles innues et porte le&#8230; <a class="more-link" href="https://histoireinnue.ca/?page_id=4403#more-4403">Lire la Suite &rarr;</a></p>
