{"id":1783,"date":"2021-07-24T01:13:08","date_gmt":"2021-07-24T00:13:08","guid":{"rendered":"https:\/\/histoireinnue.ca\/?page_id=1783"},"modified":"2023-03-01T22:36:44","modified_gmt":"2023-03-01T21:36:44","slug":"bernard-st-onge","status":"publish","type":"page","link":"https:\/\/histoireinnue.ca\/?page_id=1783","title":{"rendered":"ST-ONGE BERNARD"},"content":{"rendered":"\n<figure class=\"wp-block-video wp-block-embed is-type-video is-provider-videopress\"><div class=\"wp-block-embed__wrapper\">\n<iframe title=\"VideoPress Video Player\" aria-label='VideoPress Video Player' width='736' height='414' src='https:\/\/videopress.com\/embed\/dDYJhQOm?cover=1&amp;preloadContent=metadata&amp;hd=1' frameborder='0' allowfullscreen data-resize-to-parent=\"true\" allow='clipboard-write'><\/iframe><script src='https:\/\/v0.wordpress.com\/js\/next\/videopress-iframe.js?m=1674852142'><\/script>\n<\/div><figcaption><strong>Entretiens Bernard St-Onge \u00e0 Tiwanaco, Bolivie, 1992<\/strong><\/figcaption><\/figure>\n\n\n\n<div data-wp-interactive=\"core\/file\" class=\"wp-block-file\"><object data-wp-bind--hidden=\"!state.hasPdfPreview\" hidden class=\"wp-block-file__embed\" data=\"https:\/\/histoireinnue.ca\/wp-content\/uploads\/2023\/03\/Transcription-Bernard-St-Onge-.pdf\" type=\"application\/pdf\" style=\"width:100%;height:440px\" aria-label=\"Contenu embarqu\u00e9 Transcription Bernard St-Onge.\"><\/object><a id=\"wp-block-file--media-89505b60-e568-4ef1-9415-403889601016\" href=\"https:\/\/histoireinnue.ca\/wp-content\/uploads\/2023\/03\/Transcription-Bernard-St-Onge-.pdf\">Transcription Bernard St-Onge<\/a><a href=\"https:\/\/histoireinnue.ca\/wp-content\/uploads\/2023\/03\/Transcription-Bernard-St-Onge-.pdf\" class=\"wp-block-file__button wp-element-button\" download aria-describedby=\"wp-block-file--media-89505b60-e568-4ef1-9415-403889601016\">T\u00e9l\u00e9charger<\/a><\/div>\n\n\n\n<p class=\"has-medium-font-size wp-block-paragraph\"><strong>Sortir la spiritualit\u00e9 autochtone de la clandestinit\u00e9\u2026<\/strong><\/p>\n\n\n\n<p class=\"has-medium-font-size wp-block-paragraph\">En 1992, alors que l\u2019Europe f\u00eate la d\u00e9couverte des Am\u00e9riques, une rencontre autour de la spiritualit\u00e9 autochtone se d\u00e9roule en Bolivie. On a invit\u00e9 des repr\u00e9sentants des grandes religions plan\u00e9taires (catholique, boudiste, hindouiste, musulmans\u2026) pour leur faire part de la spiritualit\u00e9 autochtone et pour l\u2019occasion sortir une c\u00e9r\u00e9monie de la clandestinit\u00e9. <\/p>\n\n\n\n<figure class=\"wp-block-video wp-block-embed is-type-video is-provider-videopress\"><div class=\"wp-block-embed__wrapper\">\n<iframe title=\"VideoPress Video Player\" aria-label='VideoPress Video Player' width='736' height='414' src='https:\/\/videopress.com\/embed\/eePh0f1t?cover=1&amp;posterUrl=https%3A%2F%2Fhistoireinnue.ca%2Fwp-content%2Fuploads%2F2021%2F07%2Ftiwanaco-porta-del-sol_mp4_std.original.jpg&amp;preloadContent=metadata&amp;hd=1' frameborder='0' allowfullscreen data-resize-to-parent=\"true\" allow='clipboard-write'><\/iframe><script src='https:\/\/v0.wordpress.com\/js\/next\/videopress-iframe.js?m=1674852142'><\/script>\n<\/div><figcaption><strong>C\u00e9r\u00e9monie de la porte du soleil, Tiwanaco, Boilivie, 1992<\/strong><\/figcaption><\/figure>\n","protected":false},"excerpt":{"rendered":"<p>Sortir la spiritualit\u00e9 autochtone de la clandestinit\u00e9\u2026 En 1992, alors que l\u2019Europe f\u00eate la d\u00e9couverte des Am\u00e9riques, une rencontre autour de la spiritualit\u00e9 autochtone se d\u00e9roule en Bolivie. On a invit\u00e9 des repr\u00e9sentants des grandes religions plan\u00e9taires (catholique, boudiste, hindouiste, musulmans\u2026) pour leur faire part de la spiritualit\u00e9 autochtone et pour l\u2019occasion sortir une c\u00e9r\u00e9monie&#8230; <a class=\"more-link\" href=\"https:\/\/histoireinnue.ca\/?page_id=1783#more-1783\">Lire la Suite &rarr;<\/a><\/p>\n","protected":false},"author":142836289,"featured_media":0,"parent":0,"menu_order":0,"comment_status":"closed","ping_status":"closed","template":"","meta":{"_coblocks_attr":"","_coblocks_dimensions":"","_coblocks_responsive_height":"","_coblocks_accordion_ie_support":"","_crdt_document":"","advanced_seo_description":"","jetpack_seo_html_title":"","jetpack_seo_noindex":false,"footnotes":""},"class_list":["post-1783","page","type-page","status-publish","hentry","clear"],"jetpack_likes_enabled":true,"jetpack_sharing_enabled":true,"jetpack_shortlink":"https:\/\/wp.me\/PayinP-sL","_links":{"self":[{"href":"https:\/\/histoireinnue.ca\/index.php?rest_route=\/wp\/v2\/pages\/1783","targetHints":{"allow":["GET"]}}],"collection":[{"href":"https:\/\/histoireinnue.ca\/index.php?rest_route=\/wp\/v2\/pages"}],"about":[{"href":"https:\/\/histoireinnue.ca\/index.php?rest_route=\/wp\/v2\/types\/page"}],"author":[{"embeddable":true,"href":"https:\/\/histoireinnue.ca\/index.php?rest_route=\/wp\/v2\/users\/142836289"}],"replies":[{"embeddable":true,"href":"https:\/\/histoireinnue.ca\/index.php?rest_route=%2Fwp%2Fv2%2Fcomments&post=1783"}],"version-history":[{"count":15,"href":"https:\/\/histoireinnue.ca\/index.php?rest_route=\/wp\/v2\/pages\/1783\/revisions"}],"predecessor-version":[{"id":6678,"href":"https:\/\/histoireinnue.ca\/index.php?rest_route=\/wp\/v2\/pages\/1783\/revisions\/6678"}],"wp:attachment":[{"href":"https:\/\/histoireinnue.ca\/index.php?rest_route=%2Fwp%2Fv2%2Fmedia&parent=1783"}],"curies":[{"name":"wp","href":"https:\/\/api.w.org\/{rel}","templated":true}]}}