{"id":1754,"date":"2021-07-24T00:32:42","date_gmt":"2021-07-23T23:32:42","guid":{"rendered":"https:\/\/histoireinnue.ca\/?page_id=1754"},"modified":"2024-12-06T20:16:54","modified_gmt":"2024-12-06T19:16:54","slug":"uanamen-shipu","status":"publish","type":"page","link":"https:\/\/histoireinnue.ca\/?page_id=1754","title":{"rendered":"UANAMEN-SHIPU"},"content":{"rendered":"\n<p class=\"has-medium-font-size wp-block-paragraph\">Le territoire de cette communaut\u00e9 a \u00e9t\u00e9 c\u00e9d\u00e9 par le gouvernement provincial au gouvernement f\u00e9d\u00e9ral en 1955. Il a re\u00e7u le statut de r\u00e9serve en 1956. En 1961, les Innus vivant \u00e0&nbsp;Pakut-shipu&nbsp;se sont \u00e9tablis \u00e0&nbsp;Unaman-shipu, pour en repartir en 1963.&nbsp;Unaman-shipu, dont le nom signifie \u00ab la rivi\u00e8re \u00e0 la peinture \u00bb (ou ocre), est situ\u00e9e \u00e0 400 kilom\u00e8tres au nord-est de Sept-\u00celes, sur la c\u00f4te nord du golfe Saint-Laurent, et n&rsquo;est accessible que par avion ou par bateau.&nbsp;<\/p>\n\n\n\n<p class=\"has-text-align-center has-medium-font-size wp-block-paragraph\"> Uanamen shipu (r\u00e9sum\u00e9 en langue innue), Basile Bellefleur et Evelyne St-Onge, 2000<\/p>\n\n\n\n\t\t<figure class=\"wp-block-jetpack-videopress jetpack-videopress-player aligncenter\" style=\"\" >\n\t\t\t<div class=\"jetpack-videopress-player__wrapper\"> <div class=\"jetpack-video-wrapper\"><iframe title=\"VideoPress Video Player\" aria-label='VideoPress Video Player' width='736' height='414' src='https:\/\/videopress.com\/embed\/ESIofvDE?cover=1&amp;autoPlay=0&amp;controls=1&amp;loop=0&amp;muted=0&amp;persistVolume=1&amp;playsinline=0&amp;preloadContent=metadata&amp;useAverageColor=1&amp;posterUrl=https%3A%2F%2Fhistoireinnue.ca%2Fwp-content%2Fuploads%2F2021%2F07%2Fhistoire-uanamen-shipu_mp4_std.original.jpg&amp;hd=0' frameborder='0' allowfullscreen data-resize-to-parent=\"true\" allow='clipboard-write'><\/iframe><script src='https:\/\/v0.wordpress.com\/js\/next\/videopress-iframe.js?m=1739540970'><\/script><\/div><\/div>\n\t\t\t<figcaption> Cr\u00e9ation de Uanamen shipu (r\u00e9sum\u00e9 en langue innue), Basile Bellefleur et Evelyne St-Onge, 2000, vid\u00e9o 03:40<\/figcaption>\n\t\t\t\n\t\t<\/figure>\n\t\t\n\n\n<p class=\"wp-block-paragraph\"><\/p>\n\n\n\n<p class=\"has-text-align-center has-medium-font-size wp-block-paragraph\">Transcription <\/p>\n\n\n\n<p class=\"has-medium-font-size wp-block-paragraph\">&nbsp;Avant, il n&rsquo;y avait ni maisons, ni \u00e9coles, ni m\u00e9decins, ni pr\u00eatres. Seulement des tentes innues entre avril et ao\u00fbt. Apr\u00e8s, les gens prenaient le bois. C&rsquo;est \u00e0&nbsp;Mashkuanu&nbsp;que les Indiens de tout l&rsquo;est venaient se marier. Les pr\u00eatres avaient compris que pour rejoindre les Indiens nomades, il fallait aller l\u00e0 o\u00f9 ils se rassemblaient. Apr\u00e8s avoir construit maisons, \u00e9glises et autres, les autorit\u00e9s ont voulu forcer les Innus de&nbsp;Pakut-shipu&nbsp;\u00e0 rester ici, sans pouvoir les loger. Ces gens ont d\u00fb repartir \u00e0 pied vers&nbsp;Pakut-shipu.&nbsp;<br><\/p>\n\n\n\n<p class=\"has-text-align-center has-medium-font-size wp-block-paragraph\">Visite a\u00e9rienne de la communaut\u00e9<\/p>\n\n\n\n\t\t<figure class=\"wp-block-jetpack-videopress jetpack-videopress-player aligncenter\" style=\"\" >\n\t\t\t<div class=\"jetpack-videopress-player__wrapper\"> <div class=\"jetpack-video-wrapper\"><iframe title=\"VideoPress Video Player\" aria-label='VideoPress Video Player' width='736' height='414' src='https:\/\/videopress.com\/embed\/KhaKVXdN?cover=1&amp;autoPlay=0&amp;controls=1&amp;loop=0&amp;muted=0&amp;persistVolume=1&amp;playsinline=0&amp;preloadContent=metadata&amp;useAverageColor=1&amp;hd=0' frameborder='0' allowfullscreen data-resize-to-parent=\"true\" allow='clipboard-write'><\/iframe><script src='https:\/\/v0.wordpress.com\/js\/next\/videopress-iframe.js?m=1739540970'><\/script><\/div><\/div>\n\t\t\t<figcaption>Prises de vues, 2019<\/figcaption>\n\t\t\t\n\t\t<\/figure>\n\t\t\n\n\n<p class=\"has-text-align-center has-medium-font-size wp-block-paragraph\">Hommage \u00e0 Ad\u00e9la\u00eede Bellefleur<\/p>\n\n\n\n\t\t<figure class=\"wp-block-jetpack-videopress jetpack-videopress-player wp-block-embed is-type-video is-provider-videopress\" style=\"\" >\n\t\t\t<div class=\"jetpack-videopress-player__wrapper\"> <div class=\"jetpack-video-wrapper\"><iframe title=\"VideoPress Video Player\" aria-label='VideoPress Video Player' width='736' height='414' src='https:\/\/videopress.com\/embed\/CGM5Xm8N?cover=1&amp;autoPlay=0&amp;controls=1&amp;loop=0&amp;muted=0&amp;persistVolume=1&amp;playsinline=0&amp;preloadContent=metadata&amp;useAverageColor=1&amp;hd=0' frameborder='0' allowfullscreen data-resize-to-parent=\"true\" allow='clipboard-write'><\/iframe><script src='https:\/\/v0.wordpress.com\/js\/next\/videopress-iframe.js?m=1739540970'><\/script><\/div><\/div>\n\t\t\t<figcaption><\/figcaption>\n\t\t\t\n\t\t<\/figure>\n\t\t\n\n\n<p class=\"has-text-align-center has-medium-font-size wp-block-paragraph\">Hommage Monsieur et Madame Philippe Lalo  <\/p>\n\n\n\n\t\t<figure class=\"wp-block-jetpack-videopress jetpack-videopress-player wp-block-embed is-type-video is-provider-videopress\" style=\"\" >\n\t\t\t<div class=\"jetpack-videopress-player__wrapper\"> <div class=\"jetpack-video-wrapper\"><iframe title=\"VideoPress Video Player\" aria-label='VideoPress Video Player' width='736' height='414' src='https:\/\/videopress.com\/embed\/fYj0dMfZ?cover=1&amp;autoPlay=0&amp;controls=1&amp;loop=0&amp;muted=0&amp;persistVolume=1&amp;playsinline=0&amp;preloadContent=metadata&amp;useAverageColor=1&amp;hd=0' frameborder='0' allowfullscreen data-resize-to-parent=\"true\" allow='clipboard-write'><\/iframe><script src='https:\/\/v0.wordpress.com\/js\/next\/videopress-iframe.js?m=1739540970'><\/script><\/div><\/div>\n\t\t\t<figcaption><\/figcaption>\n\t\t\t\n\t\t<\/figure>\n\t\t\n\n\n<p class=\"has-text-align-center has-medium-font-size wp-block-paragraph\">Hommage \u00e0 Pelashe Mark<\/p>\n\n\n\n<figure class=\"wp-block-video wp-block-embed is-type-video is-provider-videopress\"><div class=\"wp-block-embed__wrapper\">\n<iframe title=\"VideoPress Video Player\" aria-label='VideoPress Video Player' width='736' height='540' src='https:\/\/videopress.com\/embed\/hvxiUs1P?cover=1&amp;preloadContent=metadata&amp;useAverageColor=1&amp;hd=0' frameborder='0' allowfullscreen data-resize-to-parent=\"true\" allow='clipboard-write'><\/iframe><script src='https:\/\/v0.wordpress.com\/js\/next\/videopress-iframe.js?m=1739540970'><\/script>\n<\/div><\/figure>\n\n\n\n<p class=\"has-text-align-center has-medium-font-size wp-block-paragraph\">Hommage \u00e0 Antoine Mark<\/p>\n\n\n\n<figure class=\"wp-block-video wp-block-embed is-type-video is-provider-videopress\"><div class=\"wp-block-embed__wrapper\">\n<iframe title=\"VideoPress Video Player\" aria-label='VideoPress Video Player' width='736' height='414' src='https:\/\/videopress.com\/embed\/3CRGznSv?cover=1&amp;posterUrl=https%3A%2F%2Fhistoireinnue.ca%2Fwp-content%2Fuploads%2F2023%2F12%2Fhommaqge-antoine-mark_mp4_avc_240p.original.jpg&amp;preloadContent=metadata&amp;useAverageColor=1&amp;hd=0' frameborder='0' allowfullscreen data-resize-to-parent=\"true\" allow='clipboard-write'><\/iframe><script src='https:\/\/v0.wordpress.com\/js\/next\/videopress-iframe.js?m=1739540970'><\/script>\n<\/div><figcaption>Antoine Mark et Kunikuen Gabriel, Lac Uakunu<\/figcaption><\/figure>\n\n\n\n<p class=\"has-text-align-center has-medium-font-size wp-block-paragraph\">Hommage Louis Bellefleur<\/p>\n\n\n\n<figure class=\"wp-block-video wp-block-embed is-type-video is-provider-videopress\"><div class=\"wp-block-embed__wrapper\">\n<iframe title=\"VideoPress Video Player\" aria-label='VideoPress Video Player' width='736' height='414' src='https:\/\/videopress.com\/embed\/DgXrltaO?cover=1&amp;posterUrl=https%3A%2F%2Fhistoireinnue.ca%2Fwp-content%2Fuploads%2F2023%2F12%2Fhommage-louis-bellefleur_mp4_dvd.original.jpg&amp;preloadContent=metadata&amp;useAverageColor=1&amp;hd=0' frameborder='0' allowfullscreen data-resize-to-parent=\"true\" allow='clipboard-write'><\/iframe><script src='https:\/\/v0.wordpress.com\/js\/next\/videopress-iframe.js?m=1739540970'><\/script>\n<\/div><figcaption>Louis Bellefleur avec ses fr\u00e8res Shapatesh et shakani avec Antoine Mark,1990<\/figcaption><\/figure>\n\n\n\n<p class=\"has-text-align-center has-medium-font-size wp-block-paragraph\">D\u00e9but des ann\u00e9es 1960, construction du quai de Uanamen shipu<\/p>\n\n\n\n<figure class=\"wp-block-video wp-block-embed is-type-video is-provider-videopress\"><div class=\"wp-block-embed__wrapper\">\n<iframe title=\"VideoPress Video Player\" aria-label='VideoPress Video Player' width='736' height='414' src='https:\/\/videopress.com\/embed\/2FUGlT6q?cover=1&amp;preloadContent=metadata&amp;useAverageColor=1&amp;hd=0' frameborder='0' allowfullscreen data-resize-to-parent=\"true\" allow='clipboard-write'><\/iframe><script src='https:\/\/v0.wordpress.com\/js\/next\/videopress-iframe.js?m=1739540970'><\/script>\n<\/div><figcaption>Archives minist\u00e8re des communications du Qu\u00e9bec<\/figcaption><\/figure>\n\n\n\n<p class=\"has-text-align-center has-medium-font-size wp-block-paragraph\">Dans les ann\u00e9es 1960, construction de canot<\/p>\n\n\n\n<figure class=\"wp-block-video wp-block-embed is-type-video is-provider-videopress\"><div class=\"wp-block-embed__wrapper\">\n<iframe title=\"VideoPress Video Player\" aria-label='VideoPress Video Player' width='736' height='414' src='https:\/\/videopress.com\/embed\/kZXq1Rul?cover=1&amp;preloadContent=metadata&amp;useAverageColor=1&amp;hd=0' frameborder='0' allowfullscreen data-resize-to-parent=\"true\" allow='clipboard-write'><\/iframe><script src='https:\/\/v0.wordpress.com\/js\/next\/videopress-iframe.js?m=1739540970'><\/script>\n<\/div><figcaption>Archives minist\u00e8re des communications du Qu\u00e9bec<\/figcaption><\/figure>\n","protected":false},"excerpt":{"rendered":"<p>Le territoire de cette communaut\u00e9 a \u00e9t\u00e9 c\u00e9d\u00e9 par le gouvernement provincial au gouvernement f\u00e9d\u00e9ral en 1955. Il a re\u00e7u le statut de r\u00e9serve en 1956. En 1961, les Innus vivant \u00e0&nbsp;Pakut-shipu&nbsp;se sont \u00e9tablis \u00e0&nbsp;Unaman-shipu, pour en repartir en 1963.&nbsp;Unaman-shipu, dont le nom signifie \u00ab la rivi\u00e8re \u00e0 la peinture \u00bb (ou ocre), est situ\u00e9e&#8230; <a class=\"more-link\" href=\"https:\/\/histoireinnue.ca\/?page_id=1754#more-1754\">Lire la Suite &rarr;<\/a><\/p>\n","protected":false},"author":142836289,"featured_media":0,"parent":0,"menu_order":0,"comment_status":"closed","ping_status":"closed","template":"","meta":{"_coblocks_attr":"","_coblocks_dimensions":"","_coblocks_responsive_height":"","_coblocks_accordion_ie_support":"","_crdt_document":"","advanced_seo_description":"","jetpack_seo_html_title":"","jetpack_seo_noindex":false,"footnotes":""},"class_list":["post-1754","page","type-page","status-publish","hentry","clear"],"jetpack_likes_enabled":true,"jetpack_sharing_enabled":true,"jetpack_shortlink":"https:\/\/wp.me\/PayinP-si","_links":{"self":[{"href":"https:\/\/histoireinnue.ca\/index.php?rest_route=\/wp\/v2\/pages\/1754","targetHints":{"allow":["GET"]}}],"collection":[{"href":"https:\/\/histoireinnue.ca\/index.php?rest_route=\/wp\/v2\/pages"}],"about":[{"href":"https:\/\/histoireinnue.ca\/index.php?rest_route=\/wp\/v2\/types\/page"}],"author":[{"embeddable":true,"href":"https:\/\/histoireinnue.ca\/index.php?rest_route=\/wp\/v2\/users\/142836289"}],"replies":[{"embeddable":true,"href":"https:\/\/histoireinnue.ca\/index.php?rest_route=%2Fwp%2Fv2%2Fcomments&post=1754"}],"version-history":[{"count":48,"href":"https:\/\/histoireinnue.ca\/index.php?rest_route=\/wp\/v2\/pages\/1754\/revisions"}],"predecessor-version":[{"id":14532,"href":"https:\/\/histoireinnue.ca\/index.php?rest_route=\/wp\/v2\/pages\/1754\/revisions\/14532"}],"wp:attachment":[{"href":"https:\/\/histoireinnue.ca\/index.php?rest_route=%2Fwp%2Fv2%2Fmedia&parent=1754"}],"curies":[{"name":"wp","href":"https:\/\/api.w.org\/{rel}","templated":true}]}}

<p class="has-medium-font-size wp-block-paragraph">Le territoire de cette communauté a été cédé par le gouvernement provincial au gouvernement fédéral en 1955. Il a reçu le statut de réserve en 1956. En 1961, les Innus vivant à&nbsp;Pakut-shipu&nbsp;se sont établis à&nbsp;Unaman-shipu, pour en repartir en 1963.&nbsp;Unaman-shipu, dont le nom signifie « la rivière à la peinture » (ou ocre), est située à 400 kilomètres au nord-est de Sept-Îles, sur la côte nord du golfe Saint-Laurent, et n&rsquo;est accessible que par avion ou par bateau.&nbsp;</p>



<p class="has-text-align-center has-medium-font-size wp-block-paragraph"> Uanamen shipu (résumé en langue innue), Basile Bellefleur et Evelyne St-Onge, 2000</p>



		<figure class="wp-block-jetpack-videopress jetpack-videopress-player aligncenter" style="" >
			<div class="jetpack-videopress-player__wrapper"> <div class="jetpack-video-wrapper"><iframe title="VideoPress Video Player" aria-label='VideoPress Video Player' width='736' height='414' src='https://videopress.com/embed/ESIofvDE?cover=1&amp;autoPlay=0&amp;controls=1&amp;loop=0&amp;muted=0&amp;persistVolume=1&amp;playsinline=0&amp;preloadContent=metadata&amp;useAverageColor=1&amp;posterUrl=https%3A%2F%2Fhistoireinnue.ca%2Fwp-content%2Fuploads%2F2021%2F07%2Fhistoire-uanamen-shipu_mp4_std.original.jpg&amp;hd=0' frameborder='0' allowfullscreen data-resize-to-parent="true" allow='clipboard-write'></iframe><script src='https://v0.wordpress.com/js/next/videopress-iframe.js?m=1739540970'></script></div></div>
			<figcaption> Création de Uanamen shipu (résumé en langue innue), Basile Bellefleur et Evelyne St-Onge, 2000, vidéo 03:40</figcaption>
			
		</figure>
		


<p class="wp-block-paragraph"></p>



<p class="has-text-align-center has-medium-font-size wp-block-paragraph">Transcription </p>



<p class="has-medium-font-size wp-block-paragraph">&nbsp;Avant, il n&rsquo;y avait ni maisons, ni écoles, ni médecins, ni prêtres. Seulement des tentes innues entre avril et août. Après, les gens prenaient le bois. C&rsquo;est à&nbsp;Mashkuanu&nbsp;que les Indiens de tout l&rsquo;est venaient se marier. Les prêtres avaient compris que pour rejoindre les Indiens nomades, il fallait aller là où ils se rassemblaient. Après avoir construit maisons, églises et autres, les autorités ont voulu forcer les Innus de&nbsp;Pakut-shipu&nbsp;à rester ici, sans pouvoir les loger. Ces gens ont dû repartir à pied vers&nbsp;Pakut-shipu.&nbsp;<br></p>



<p class="has-text-align-center has-medium-font-size wp-block-paragraph">Visite aérienne de la communauté</p>



		<figure class="wp-block-jetpack-videopress jetpack-videopress-player aligncenter" style="" >
			<div class="jetpack-videopress-player__wrapper"> <div class="jetpack-video-wrapper"><iframe title="VideoPress Video Player" aria-label='VideoPress Video Player' width='736' height='414' src='https://videopress.com/embed/KhaKVXdN?cover=1&amp;autoPlay=0&amp;controls=1&amp;loop=0&amp;muted=0&amp;persistVolume=1&amp;playsinline=0&amp;preloadContent=metadata&amp;useAverageColor=1&amp;hd=0' frameborder='0' allowfullscreen data-resize-to-parent="true" allow='clipboard-write'></iframe><script src='https://v0.wordpress.com/js/next/videopress-iframe.js?m=1739540970'></script></div></div>
			<figcaption>Prises de vues, 2019</figcaption>
			
		</figure>
		


<p class="has-text-align-center has-medium-font-size wp-block-paragraph">Hommage à Adélaîde Bellefleur</p>



		<figure class="wp-block-jetpack-videopress jetpack-videopress-player wp-block-embed is-type-video is-provider-videopress" style="" >
			<div class="jetpack-videopress-player__wrapper"> <div class="jetpack-video-wrapper"><iframe title="VideoPress Video Player" aria-label='VideoPress Video Player' width='736' height='414' src='https://videopress.com/embed/CGM5Xm8N?cover=1&amp;autoPlay=0&amp;controls=1&amp;loop=0&amp;muted=0&amp;persistVolume=1&amp;playsinline=0&amp;preloadContent=metadata&amp;useAverageColor=1&amp;hd=0' frameborder='0' allowfullscreen data-resize-to-parent="true" allow='clipboard-write'></iframe><script src='https://v0.wordpress.com/js/next/videopress-iframe.js?m=1739540970'></script></div></div>
			<figcaption></figcaption>
			
		</figure>
		


<p class="has-text-align-center has-medium-font-size wp-block-paragraph">Hommage Monsieur et Madame Philippe Lalo  </p>



		<figure class="wp-block-jetpack-videopress jetpack-videopress-player wp-block-embed is-type-video is-provider-videopress" style="" >
			<div class="jetpack-videopress-player__wrapper"> <div class="jetpack-video-wrapper"><iframe title="VideoPress Video Player" aria-label='VideoPress Video Player' width='736' height='414' src='https://videopress.com/embed/fYj0dMfZ?cover=1&amp;autoPlay=0&amp;controls=1&amp;loop=0&amp;muted=0&amp;persistVolume=1&amp;playsinline=0&amp;preloadContent=metadata&amp;useAverageColor=1&amp;hd=0' frameborder='0' allowfullscreen data-resize-to-parent="true" allow='clipboard-write'></iframe><script src='https://v0.wordpress.com/js/next/videopress-iframe.js?m=1739540970'></script></div></div>
			<figcaption></figcaption>
			
		</figure>
		


<p class="has-text-align-center has-medium-font-size wp-block-paragraph">Hommage à Pelashe Mark</p>



<figure class="wp-block-video wp-block-embed is-type-video is-provider-videopress"><div class="wp-block-embed__wrapper">
<iframe title="VideoPress Video Player" aria-label='VideoPress Video Player' width='736' height='540' src='https://videopress.com/embed/hvxiUs1P?cover=1&amp;preloadContent=metadata&amp;useAverageColor=1&amp;hd=0' frameborder='0' allowfullscreen data-resize-to-parent="true" allow='clipboard-write'></iframe><script src='https://v0.wordpress.com/js/next/videopress-iframe.js?m=1739540970'></script>
</div></figure>



<p class="has-text-align-center has-medium-font-size wp-block-paragraph">Hommage à Antoine Mark</p>



<figure class="wp-block-video wp-block-embed is-type-video is-provider-videopress"><div class="wp-block-embed__wrapper">
<iframe title="VideoPress Video Player" aria-label='VideoPress Video Player' width='736' height='414' src='https://videopress.com/embed/3CRGznSv?cover=1&amp;posterUrl=https%3A%2F%2Fhistoireinnue.ca%2Fwp-content%2Fuploads%2F2023%2F12%2Fhommaqge-antoine-mark_mp4_avc_240p.original.jpg&amp;preloadContent=metadata&amp;useAverageColor=1&amp;hd=0' frameborder='0' allowfullscreen data-resize-to-parent="true" allow='clipboard-write'></iframe><script src='https://v0.wordpress.com/js/next/videopress-iframe.js?m=1739540970'></script>
</div><figcaption>Antoine Mark et Kunikuen Gabriel, Lac Uakunu</figcaption></figure>



<p class="has-text-align-center has-medium-font-size wp-block-paragraph">Hommage Louis Bellefleur</p>



<figure class="wp-block-video wp-block-embed is-type-video is-provider-videopress"><div class="wp-block-embed__wrapper">
<iframe title="VideoPress Video Player" aria-label='VideoPress Video Player' width='736' height='414' src='https://videopress.com/embed/DgXrltaO?cover=1&amp;posterUrl=https%3A%2F%2Fhistoireinnue.ca%2Fwp-content%2Fuploads%2F2023%2F12%2Fhommage-louis-bellefleur_mp4_dvd.original.jpg&amp;preloadContent=metadata&amp;useAverageColor=1&amp;hd=0' frameborder='0' allowfullscreen data-resize-to-parent="true" allow='clipboard-write'></iframe><script src='https://v0.wordpress.com/js/next/videopress-iframe.js?m=1739540970'></script>
</div><figcaption>Louis Bellefleur avec ses frères Shapatesh et shakani avec Antoine Mark,1990</figcaption></figure>



<p class="has-text-align-center has-medium-font-size wp-block-paragraph">Début des années 1960, construction du quai de Uanamen shipu</p>



<figure class="wp-block-video wp-block-embed is-type-video is-provider-videopress"><div class="wp-block-embed__wrapper">
<iframe title="VideoPress Video Player" aria-label='VideoPress Video Player' width='736' height='414' src='https://videopress.com/embed/2FUGlT6q?cover=1&amp;preloadContent=metadata&amp;useAverageColor=1&amp;hd=0' frameborder='0' allowfullscreen data-resize-to-parent="true" allow='clipboard-write'></iframe><script src='https://v0.wordpress.com/js/next/videopress-iframe.js?m=1739540970'></script>
</div><figcaption>Archives ministère des communications du Québec</figcaption></figure>



<p class="has-text-align-center has-medium-font-size wp-block-paragraph">Dans les années 1960, construction de canot</p>



<figure class="wp-block-video wp-block-embed is-type-video is-provider-videopress"><div class="wp-block-embed__wrapper">
<iframe title="VideoPress Video Player" aria-label='VideoPress Video Player' width='736' height='414' src='https://videopress.com/embed/kZXq1Rul?cover=1&amp;preloadContent=metadata&amp;useAverageColor=1&amp;hd=0' frameborder='0' allowfullscreen data-resize-to-parent="true" allow='clipboard-write'></iframe><script src='https://v0.wordpress.com/js/next/videopress-iframe.js?m=1739540970'></script>
</div><figcaption>Archives ministère des communications du Québec</figcaption></figure>

<p>Le territoire de cette communauté a été cédé par le gouvernement provincial au gouvernement fédéral en 1955. Il a reçu le statut de réserve en 1956. En 1961, les Innus vivant à&nbsp;Pakut-shipu&nbsp;se sont établis à&nbsp;Unaman-shipu, pour en repartir en 1963.&nbsp;Unaman-shipu, dont le nom signifie « la rivière à la peinture » (ou ocre), est située&#8230; <a class="more-link" href="https://histoireinnue.ca/?page_id=1754#more-1754">Lire la Suite &rarr;</a></p>
