{"id":1324,"date":"2021-06-22T03:31:37","date_gmt":"2021-06-22T02:31:37","guid":{"rendered":"https:\/\/histoireinnue.ca\/?page_id=1324"},"modified":"2024-05-13T16:40:17","modified_gmt":"2024-05-13T15:40:17","slug":"matimekush","status":"publish","type":"page","link":"https:\/\/histoireinnue.ca\/?page_id=1324","title":{"rendered":"MATIMEKUSH"},"content":{"rendered":"\n<p class=\"has-medium-font-size wp-block-paragraph\">La communaut\u00e9 de&nbsp;Matimekush, qui signifie \u00ab petite truite \u00bb, est situ\u00e9e au bord du lac&nbsp;Pearce, \u00e0 environ 510 kilom\u00e8tres au nord de Sept-\u00celes. Celle de Lac John est situ\u00e9e 3,5 kilom\u00e8tres de&nbsp;Matimekush&nbsp;et du centre de Schefferville. Le territoire de Lac John fut transf\u00e9r\u00e9 du gouvernement provincial au gouvernement f\u00e9d\u00e9ral en 1960, durant l\u2019\u00e2ge d\u2019or de l\u2019exploitation des mines de fer voisines. En 1968, le Qu\u00e9bec a \u00e9galement transf\u00e9r\u00e9 au Canada ce qui constitue aujourd&rsquo;hui la r\u00e9serve de&nbsp;Matimekush. En mai 1998, le gouverneur en conseil a accord\u00e9 un d\u00e9cret qui a mis de c\u00f4t\u00e9 131 acres de terres \u00e0 l&rsquo;usage de la bande des Innus de Schefferville.&nbsp;<\/p>\n\n\n\n<p class=\"has-text-align-center has-medium-font-size wp-block-paragraph\">Matimekush (r\u00e9sum\u00e9 en langue innue) par Uld\u00e9ric Mckenzie et Evelyne St-Onge, 2000<\/p>\n\n\n\n<figure class=\"wp-block-video aligncenter wp-block-embed is-type-video is-provider-videopress\"><div class=\"wp-block-embed__wrapper\">\n<iframe title=\"VideoPress Video Player\" aria-label='VideoPress Video Player' width='736' height='414' src='https:\/\/videopress.com\/embed\/7lmMfOhh?cover=1&amp;posterUrl=https%3A%2F%2Fhistoireinnue.ca%2Fwp-content%2Fuploads%2F2021%2F06%2Fhistoire-matimekush_mp4_std.original.jpg&amp;preloadContent=metadata&amp;useAverageColor=1&amp;hd=0' frameborder='0' allowfullscreen data-resize-to-parent=\"true\" allow='clipboard-write'><\/iframe><script src='https:\/\/v0.wordpress.com\/js\/next\/videopress-iframe.js?m=1674852142'><\/script>\n<\/div><figcaption>La cr\u00e9ation de Matimekush (r\u00e9sum\u00e9 en langue innue) par Uld\u00e9ric Mckenzie et Evelyne St-Onge, 2000, vid\u00e9o, 03:48 <\/figcaption><\/figure>\n\n\n\n<p class=\"wp-block-paragraph\"><\/p>\n\n\n\n<p class=\"has-text-align-center has-medium-font-size wp-block-paragraph\">Transcription<\/p>\n\n\n\n<p class=\"has-medium-font-size wp-block-paragraph\" style=\"line-height:1.4\">Schefferville s\u2019est construit tr\u00e8s rapidement, beaucoup d\u2019\u00e9quipements et de mat\u00e9riaux sont arriv\u00e9s en m\u00eame temps. Les Blancs se multipliaient de jour en jour. Beaucoup d\u2019Indiens sont venus de d\u2019autres communaut\u00e9s, en particulier de&nbsp;Uashat&nbsp;et de&nbsp;Mani-utenam. Nous, on restait dans une tente \u00e0 l\u2019endroit o\u00f9 est situ\u00e9 l\u2019a\u00e9roport. Ensuite on a d\u00e9m\u00e9nag\u00e9 au lac John, un village de bouts de planches. On construisait nos maisons avec des grosses bo\u00eetes de carton et des bouts de bois, on prenait n\u2019importe quoi. C\u2019est Mathieu Andr\u00e9 qui a trouv\u00e9 la roche sur son territoire de chasse. Il avait son territoire dans ce coin-l\u00e0. C\u2019est \u00e0 partir de ce moment-l\u00e0 que le d\u00e9veloppement a commenc\u00e9. Beaucoup de gens sont arriv\u00e9s. On construisait partout, puis venant du nord, les Naskapis sont venus rester au lac John avec nous. Pour moi, vendre son territoire, c\u2019est comme vendre son \u00e2me.&nbsp;<\/p>\n\n\n\n<p class=\"has-text-align-center has-medium-font-size wp-block-paragraph\">Fun\u00e9railles de  Jacques Andr\u00e9<\/p>\n\n\n\n<figure class=\"wp-block-video wp-block-embed is-type-video is-provider-videopress\"><div class=\"wp-block-embed__wrapper\">\n<iframe title=\"VideoPress Video Player\" aria-label='VideoPress Video Player' width='736' height='552' src='https:\/\/videopress.com\/embed\/urs0PRWg?cover=1&amp;preloadContent=metadata&amp;useAverageColor=1&amp;hd=0' frameborder='0' allowfullscreen data-resize-to-parent=\"true\" allow='clipboard-write'><\/iframe><script src='https:\/\/v0.wordpress.com\/js\/next\/videopress-iframe.js?m=1674852142'><\/script>\n<\/div><figcaption>Les fun\u00e9railles ont eu lieu \u00e0 Mani-utenam<\/figcaption><\/figure>\n\n\n\n<p class=\"wp-block-paragraph\">.<\/p>\n\n\n\n<p class=\"has-text-align-center wp-block-paragraph\">Hommage \u00e0 Alexandre Mckenzie, Matimekush\/Lac John<\/p>\n\n\n\n<figure class=\"wp-block-video wp-block-embed is-type-video is-provider-videopress\"><div class=\"wp-block-embed__wrapper\">\n<iframe title=\"VideoPress Video Player\" aria-label='VideoPress Video Player' width='736' height='414' src='https:\/\/videopress.com\/embed\/mHkPqvg4?cover=1&amp;preloadContent=metadata&amp;useAverageColor=1&amp;hd=0' frameborder='0' allowfullscreen data-resize-to-parent=\"true\" allow='clipboard-write'><\/iframe><script src='https:\/\/v0.wordpress.com\/js\/next\/videopress-iframe.js?m=1674852142'><\/script>\n<\/div><figcaption>Enregistrement \u00e0 Mamu aitun sur le bord de la rivi\u00e8re Mishta-shipu, 2004<\/figcaption><\/figure>\n","protected":false},"excerpt":{"rendered":"<p>La communaut\u00e9 de&nbsp;Matimekush, qui signifie \u00ab petite truite \u00bb, est situ\u00e9e au bord du lac&nbsp;Pearce, \u00e0 environ 510 kilom\u00e8tres au nord de Sept-\u00celes. Celle de Lac John est situ\u00e9e 3,5 kilom\u00e8tres de&nbsp;Matimekush&nbsp;et du centre de Schefferville. Le territoire de Lac John fut transf\u00e9r\u00e9 du gouvernement provincial au gouvernement f\u00e9d\u00e9ral en 1960, durant l\u2019\u00e2ge d\u2019or de&#8230; <a class=\"more-link\" href=\"https:\/\/histoireinnue.ca\/?page_id=1324#more-1324\">Lire la Suite &rarr;<\/a><\/p>\n","protected":false},"author":142836289,"featured_media":0,"parent":0,"menu_order":0,"comment_status":"closed","ping_status":"closed","template":"","meta":{"_coblocks_attr":"","_coblocks_dimensions":"","_coblocks_responsive_height":"","_coblocks_accordion_ie_support":"","_crdt_document":"","advanced_seo_description":"","jetpack_seo_html_title":"","jetpack_seo_noindex":false,"footnotes":""},"class_list":["post-1324","page","type-page","status-publish","hentry","clear"],"jetpack_likes_enabled":true,"jetpack_sharing_enabled":true,"jetpack_shortlink":"https:\/\/wp.me\/PayinP-lm","_links":{"self":[{"href":"https:\/\/histoireinnue.ca\/index.php?rest_route=\/wp\/v2\/pages\/1324","targetHints":{"allow":["GET"]}}],"collection":[{"href":"https:\/\/histoireinnue.ca\/index.php?rest_route=\/wp\/v2\/pages"}],"about":[{"href":"https:\/\/histoireinnue.ca\/index.php?rest_route=\/wp\/v2\/types\/page"}],"author":[{"embeddable":true,"href":"https:\/\/histoireinnue.ca\/index.php?rest_route=\/wp\/v2\/users\/142836289"}],"replies":[{"embeddable":true,"href":"https:\/\/histoireinnue.ca\/index.php?rest_route=%2Fwp%2Fv2%2Fcomments&post=1324"}],"version-history":[{"count":35,"href":"https:\/\/histoireinnue.ca\/index.php?rest_route=\/wp\/v2\/pages\/1324\/revisions"}],"predecessor-version":[{"id":12821,"href":"https:\/\/histoireinnue.ca\/index.php?rest_route=\/wp\/v2\/pages\/1324\/revisions\/12821"}],"wp:attachment":[{"href":"https:\/\/histoireinnue.ca\/index.php?rest_route=%2Fwp%2Fv2%2Fmedia&parent=1324"}],"curies":[{"name":"wp","href":"https:\/\/api.w.org\/{rel}","templated":true}]}}