{"id":13024,"date":"2024-09-08T18:26:06","date_gmt":"2024-09-08T17:26:06","guid":{"rendered":"https:\/\/histoireinnue.ca\/?page_id=13024"},"modified":"2024-09-08T18:28:06","modified_gmt":"2024-09-08T17:28:06","slug":"site-sacre-innu-nekuashkan","status":"publish","type":"page","link":"https:\/\/histoireinnue.ca\/?page_id=13024","title":{"rendered":"SITE SACR\u00c9 INNU, \u00ab\u00a0NEKUASHKAN\u00a0\u00bb"},"content":{"rendered":"\n<figure class=\"wp-block-video wp-block-embed is-type-video is-provider-videopress\"><div class=\"wp-block-embed__wrapper\">\n<iframe title=\"VideoPress Video Player\" aria-label='VideoPress Video Player' width='736' height='414' src='https:\/\/videopress.com\/embed\/o1cAjQhm?cover=1&amp;preloadContent=metadata&amp;useAverageColor=1&amp;hd=0' frameborder='0' allowfullscreen data-resize-to-parent=\"true\" allow='clipboard-write'><\/iframe><script src='https:\/\/v0.wordpress.com\/js\/next\/videopress-iframe.js?m=1725245713'><\/script>\n<\/div><\/figure>\n\n\n\n<p class=\"wp-block-paragraph\">LES GARDIENS DES SITES SACR\u00c9S INNU-ASSI&nbsp;<\/p>\n\n\n\n<p class=\"wp-block-paragraph\">INVENTAIRE DES SITES SACR\u00c9S INNUS&nbsp;<\/p>\n\n\n\n<p class=\"wp-block-paragraph\">NEKUASHKAN, Cimeti\u00e8re innu dans la r\u00e9gion du lac Ashuanipi. Nekuashkan veut dire cimeti\u00e8re. \u00ab Un de mes oncles portant le nom de Charles \u00c9mile Gabriel est enterr\u00e9 \u00e0 cette endroit. Les innus, peuples nomades enterraient leurs morts dans des endroits pr\u00e9cis, proche d&rsquo;eux. Avant les cimeti\u00e8res chr\u00e9tiens n&rsquo;existaient pas. \u00bb Gr\u00e9goire Gabriel, a\u00een\u00e9 de Matimekush-Lac John 2014&nbsp;<\/p>\n\n\n\n<p class=\"wp-block-paragraph\">Le cimeti\u00e8re innu sur une \u00eele au Lac Ashuanipi. Le lac Ahuanipi dans la province Terre-Neuve est situ\u00e9 dans la peninsule du Labrador. La surface de l&rsquo;eau est de 517 km. carr\u00e9s la superficie totale y compris 596 iles. La sortie du lac forme le nord et le r\u00e9servoir Smallwood coule dans la rivi\u00e8re Ashuanipi. 186 milles au nord de Sept-\u00celes, par voie de chemin de fer QN&amp;L<br>Environ une dizaine de croix, aucune inscription, une croix et une cl\u00f4ture de bois, peinture d\u00e9fraichie. Terrain cl\u00f4tur\u00e9 environ 20 pi par 20 pi.<br>Comme tout cimeti\u00e8re exige un respect, Nekuashkan, est entretenu par des innus de \u00d9ashat mak Mani-Utenam et de Matimekush-Lac John. Il est visit\u00e9 r\u00e9guli\u00e8rement.&nbsp;<\/p>\n\n\n\n<p class=\"wp-block-paragraph\">Le P\u00e8re Arnaud, lors de ces d\u00e9placements vers le nord, cite le cimeti\u00e8re des sauvages<br>\u00ab Lorsque d&rsquo;anciens chasseurs d\u00e9c\u00e9daient en for\u00eat, ils reposaient dans l&rsquo;un deux cimeti\u00e8res : celui au bord du lac Ashuanipi ou celui au bord du lac Minimestkutaut. Ils comptent 284 morts, Le cimeti\u00e8re du lac Ashuanipi ayant \u00e9t\u00e9 b\u00e9ni par le P\u00e8re Arnaud est le plus recherch\u00e9. Mais \u00e0 mon id\u00e9e, ce chiffre est en de\u00e7a de la r\u00e9alit\u00e9 car \u00e0 l&rsquo;\u00e9poque, beaucoup de gens vivaient dans le bois&#8230; \u00bb Mathieu Andr\u00e9, Moi, \u00ab Mestenapeu \u00bb page 105<br>Autrefois : Enterrement des personnes d\u00e9c\u00e9d\u00e9es en for\u00eat. Sur une \u00eele, endroit peu fr\u00e9quent\u00e9 par les animaux. Plusieurs innus enterr\u00e9s \u00e0 cet endroit.&nbsp;<\/p>\n\n\n\n<p class=\"wp-block-paragraph\">Aujourd&rsquo;hui : Lieu de recueillement, de pri\u00e8res.&nbsp;<\/p>\n\n\n\n<p class=\"wp-block-paragraph\">\u00c0 l&rsquo;avenir : Entretenir le cimeti\u00e8re r\u00e9guli\u00e8rement, minimum deux fois par ann\u00e9e Repeindre la cl\u00f4ture et les croix et tondre le gazon&nbsp;<\/p>\n\n\n\n<p class=\"wp-block-paragraph\">Faire une recherche pour identifier les personnes enterr\u00e9es Endroit qui nous rappelle la pr\u00e9sence des innus en for\u00eat Identifier, prot\u00e9ger, reconna\u00eetre, enseigner&nbsp;<\/p>\n\n\n\n<p class=\"wp-block-paragraph\">L\u2019\u00e9t\u00e9, un groupe de jeunes et adultes innus utilisent ce trajet traditionnel \u00e0 pied et en canot \u00e0 travers la for\u00eat et rivi\u00e8res et in\u00e9vitablement, nous passons devant le cimeti\u00e8re pour se recueillir. Cimeti\u00e8re situ\u00e9 dans le trajet du chemin des portages.&nbsp;<\/p>\n\n\n\n<p class=\"wp-block-paragraph\">Ce site n&rsquo;est pas prot\u00e9g\u00e9 officiellement, il est entretenu par des b\u00e9n\u00e9voles innus. Ce site m\u00e9rite une mention sp\u00e9ciale, c&rsquo;est un lieu de m\u00e9moire, pr\u00e9sences de nos anc\u00eatres. Faire des d\u00e9marches pour la reconnaissance de ce lieu soit par la Nation Innue et un organisme gouvernemental. Le site est vaste avec de grands arbres.<br>Cimeti\u00e8re situ\u00e9 sur plateau sur\u00e9lev\u00e9 situ\u00e9 au sud de l&rsquo;ile.<br>Une dizaine de croix et cl\u00f4ture d\u00e9fraichie, la v\u00e9g\u00e9tation a pouss\u00e9e. Cimeti\u00e8re cl\u00f4tur\u00e9 environ 20 pieds par 20 pieds. La grandeur de l&rsquo;ile est \u00e0 d\u00e9finir&nbsp;<\/p>\n\n\n\n<p class=\"wp-block-paragraph\">Par chemin de fer Tshiuetin, millage 186, station Ashuanipi&nbsp;<\/p>\n\n\n\n<p class=\"wp-block-paragraph\">En canot.<\/p>\n\n\n\n<p class=\"wp-block-paragraph\">Personnes ressources connaissant le site:&nbsp;<\/p>\n\n\n\n<p class=\"wp-block-paragraph\">Yvonne Vollant <\/p>\n\n\n\n<p class=\"wp-block-paragraph\">Gr\u00e9goire Gabriel&nbsp;<\/p>\n\n\n\n<p class=\"wp-block-paragraph\">Yvonne Vollant, ain\u00e9 de Uashat, Qc<br>Danielle Descent, psychologue, Maliotenam,qc&nbsp;<\/p>\n\n\n\n<p class=\"wp-block-paragraph\">Fiche compl\u00e9t\u00e9e par: Anne-Marie Andr\u00e9 et Evelyne St-Onge.&nbsp;<\/p>\n\n\n\n<p class=\"wp-block-paragraph\">Novembre 2014&nbsp;<\/p>\n\n\n\n<figure class=\"wp-block-image size-large\"><img data-recalc-dims=\"1\" loading=\"lazy\" decoding=\"async\" width=\"736\" height=\"646\" data-attachment-id=\"13029\" data-permalink=\"https:\/\/histoireinnue.ca\/?attachment_id=13029\" data-orig-file=\"https:\/\/i0.wp.com\/histoireinnue.ca\/wp-content\/uploads\/2024\/09\/Carte-generale-2.jpg?fit=3000%2C2635&amp;ssl=1\" data-orig-size=\"3000,2635\" data-comments-opened=\"1\" data-image-meta=\"{&quot;aperture&quot;:&quot;0&quot;,&quot;credit&quot;:&quot;Girard Marc&quot;,&quot;camera&quot;:&quot;&quot;,&quot;caption&quot;:&quot;&quot;,&quot;created_timestamp&quot;:&quot;1427209741&quot;,&quot;copyright&quot;:&quot;&quot;,&quot;focal_length&quot;:&quot;0&quot;,&quot;iso&quot;:&quot;0&quot;,&quot;shutter_speed&quot;:&quot;0&quot;,&quot;title&quot;:&quot;&quot;,&quot;orientation&quot;:&quot;0&quot;}\" data-image-title=\"Carte ge\u0301ne\u0301rale\" data-image-description=\"\" data-image-caption=\"\" data-large-file=\"https:\/\/i0.wp.com\/histoireinnue.ca\/wp-content\/uploads\/2024\/09\/Carte-generale-2.jpg?fit=736%2C646&amp;ssl=1\" src=\"https:\/\/i0.wp.com\/histoireinnue.ca\/wp-content\/uploads\/2024\/09\/Carte-generale-2.jpg?resize=736%2C646&#038;ssl=1\" alt=\"\" class=\"wp-image-13029\" srcset=\"https:\/\/i0.wp.com\/histoireinnue.ca\/wp-content\/uploads\/2024\/09\/Carte-generale-2.jpg?resize=1024%2C899&amp;ssl=1 1024w, https:\/\/i0.wp.com\/histoireinnue.ca\/wp-content\/uploads\/2024\/09\/Carte-generale-2.jpg?resize=300%2C264&amp;ssl=1 300w, https:\/\/i0.wp.com\/histoireinnue.ca\/wp-content\/uploads\/2024\/09\/Carte-generale-2.jpg?resize=768%2C675&amp;ssl=1 768w, https:\/\/i0.wp.com\/histoireinnue.ca\/wp-content\/uploads\/2024\/09\/Carte-generale-2.jpg?resize=1536%2C1349&amp;ssl=1 1536w, https:\/\/i0.wp.com\/histoireinnue.ca\/wp-content\/uploads\/2024\/09\/Carte-generale-2.jpg?resize=2048%2C1799&amp;ssl=1 2048w, https:\/\/i0.wp.com\/histoireinnue.ca\/wp-content\/uploads\/2024\/09\/Carte-generale-2.jpg?resize=1200%2C1054&amp;ssl=1 1200w, https:\/\/i0.wp.com\/histoireinnue.ca\/wp-content\/uploads\/2024\/09\/Carte-generale-2.jpg?resize=1400%2C1230&amp;ssl=1 1400w, https:\/\/i0.wp.com\/histoireinnue.ca\/wp-content\/uploads\/2024\/09\/Carte-generale-2.jpg?resize=600%2C527&amp;ssl=1 600w, https:\/\/i0.wp.com\/histoireinnue.ca\/wp-content\/uploads\/2024\/09\/Carte-generale-2.jpg?w=1472&amp;ssl=1 1472w, https:\/\/i0.wp.com\/histoireinnue.ca\/wp-content\/uploads\/2024\/09\/Carte-generale-2.jpg?w=2208&amp;ssl=1 2208w\" sizes=\"auto, (max-width: 736px) 100vw, 736px\" \/><\/figure>\n","protected":false},"excerpt":{"rendered":"<p>LES GARDIENS DES SITES SACR\u00c9S INNU-ASSI&nbsp; INVENTAIRE DES SITES SACR\u00c9S INNUS&nbsp; NEKUASHKAN, Cimeti\u00e8re innu dans la r\u00e9gion du lac Ashuanipi. Nekuashkan veut dire cimeti\u00e8re. \u00ab Un de mes oncles portant le nom de Charles \u00c9mile Gabriel est enterr\u00e9 \u00e0 cette endroit. Les innus, peuples nomades enterraient leurs morts dans des endroits pr\u00e9cis, proche d&rsquo;eux. Avant&#8230; <a class=\"more-link\" href=\"https:\/\/histoireinnue.ca\/?page_id=13024#more-13024\">Lire la Suite &rarr;<\/a><\/p>\n","protected":false},"author":142836289,"featured_media":0,"parent":0,"menu_order":0,"comment_status":"closed","ping_status":"closed","template":"","meta":{"_coblocks_attr":"","_coblocks_dimensions":"","_coblocks_responsive_height":"","_coblocks_accordion_ie_support":"","_crdt_document":"","advanced_seo_description":"","jetpack_seo_html_title":"","jetpack_seo_noindex":false,"footnotes":""},"class_list":["post-13024","page","type-page","status-publish","hentry","clear"],"jetpack_likes_enabled":true,"jetpack_sharing_enabled":true,"jetpack_shortlink":"https:\/\/wp.me\/PayinP-3o4","_links":{"self":[{"href":"https:\/\/histoireinnue.ca\/index.php?rest_route=\/wp\/v2\/pages\/13024","targetHints":{"allow":["GET"]}}],"collection":[{"href":"https:\/\/histoireinnue.ca\/index.php?rest_route=\/wp\/v2\/pages"}],"about":[{"href":"https:\/\/histoireinnue.ca\/index.php?rest_route=\/wp\/v2\/types\/page"}],"author":[{"embeddable":true,"href":"https:\/\/histoireinnue.ca\/index.php?rest_route=\/wp\/v2\/users\/142836289"}],"replies":[{"embeddable":true,"href":"https:\/\/histoireinnue.ca\/index.php?rest_route=%2Fwp%2Fv2%2Fcomments&post=13024"}],"version-history":[{"count":5,"href":"https:\/\/histoireinnue.ca\/index.php?rest_route=\/wp\/v2\/pages\/13024\/revisions"}],"predecessor-version":[{"id":13033,"href":"https:\/\/histoireinnue.ca\/index.php?rest_route=\/wp\/v2\/pages\/13024\/revisions\/13033"}],"wp:attachment":[{"href":"https:\/\/histoireinnue.ca\/index.php?rest_route=%2Fwp%2Fv2%2Fmedia&parent=13024"}],"curies":[{"name":"wp","href":"https:\/\/api.w.org\/{rel}","templated":true}]}}